rue
Is 32 a factor of 23104?
True
Does 11 divide 4743?
False
Does 13 divide 2047?
False
Does 16 divide 106?
False
Does 277 divide 7381?
False
Is 14 a multiple of 7?
True
Is 199 a factor of 8455?
False
Is 377 a multiple of 29?
True
Is 84 a multiple of 17?
False
Is 11 a factor of 2393?
False
Is 2 a factor of 3117?
False
Is 7 a factor of 91?
True
Is 682 a multiple of 22?
True
Does 29 divide 22388?
True
Does 16 divide 1491?
False
Is 620 a multiple of 34?
False
Is 2649 a multiple of 37?
False
Does 76 divide 11416?
False
Is 2 a factor of 2783?
False
Does 9 divide 3271?
False
Does 3 divide 75?
True
Does 43 divide 492?
False
Does 5 divide 219?
False
Does 114 divide 45667?
False
Does 2 divide 128?
True
Does 9 divide 10737?
True
Is 56 a factor of 728?
True
Does 10 divide 3490?
True
Is 6870 a multiple of 6?
True
Is 16800 a multiple of 100?
True
Does 36 divide 2409?
False
Is 12 a factor of 88?
False
Is 43 a factor of 8519?
False
Is 388 a multiple of 97?
True
Does 20 divide 760?
True
Is 103450 a multiple of 15?
False
Does 83 divide 7724?
False
Does 13 divide 1274?
True
Does 17 divide 4025?
False
Does 9 divide 378?
True
Does 12 divide 96?
True
Does 22 divide 2934?
False
Is 180 a factor of 10218?
False
Is 13702 a multiple of 13?
True
Is 3042 a multiple of 39?
True
Does 21 divide 43058?
False
Does 109 divide 23913?
False
Does 69 divide 7109?
False
Is 12 a factor of 2112?
True
Does 54 divide 6958?
False
Does 14 divide 686?
True
Is 12 a factor of 52032?
True
Is 19 a factor of 6289?
True
Is 58 a factor of 14997?
False
Is 2622 a multiple of 57?
True
Is 1472 a multiple of 32?
True
Is 35965 a multiple of 30?
False
Is 106 a factor of 1243?
False
Is 27959 a multiple of 17?
False
Is 5250 a multiple of 7?
True
Is 17 a factor of 4860?
False
Is 11 a factor of 103?
False
Is 6 a factor of 4979?
False
Is 6326 a multiple of 22?
False
Does 16 divide 5659?
False
Is 2646 a multiple of 147?
True
Is 79275 a multiple of 25?
True
Is 20 a factor of 6180?
True
Is 2003 a multiple of 52?
False
Is 91 a factor of 3053?
False
Is 3838 a multiple of 55?
False
Is 30 a factor of 1500?
True
Is 852 a multiple of 6?
True
Does 11 divide 524?
False
Is 100 a factor of 544?
False
Does 2 divide 49?
False
Is 600 a multiple of 15?
True
Is 159 even?
False
Is 160 a multiple of 32?
True
Is 12 a factor of 4568?
False
Is 53 a factor of 636?
True
Is 60 a multiple of 4?
True
Does 15 divide 97065?
True
Does 16 divide 15120?
True
Does 16 divide 384?
True
Is 819 a multiple of 39?
True
Does 19 divide 1216?
True
Is 8 a factor of 208?
True
Is 2160 a multiple of 48?
True
Does 74 divide 39442?
True
Is 3 a factor of 96?
True
Does 22 divide 1188?
True
Is 5612 a multiple of 23?
True
Is 125 a factor of 6500?
True
Does 27 divide 4644?
True
Is 1785 a multiple of 85?
True
Is 15326 a multiple of 22?
False
Is 6053 a multiple of 59?
False
Is 13 a factor of 4119?
False
Is 3641 a multiple of 28?
False
Is 5 a factor of 680?
True
Is 10 a factor of 846?
False
Is 480 a multiple of 30?
True
Does 324 divide 24313?
False
Is 2 a factor of 312?
True
Does 89 divide 8599?
False
Is 8 a factor of 181?
False
Does 64 divide 33024?
True
Does 271 divide 25203?
True
Is 49 a factor of 5145?
True
Does 41 divide 40824?
False
Is 27 a factor of 347?
False
Is 4789 a multiple of 24?
False
Is 16 a factor of 886?
False
Does 32 divide 422?
False
Does 15 divide 1080?
True
Is 1316 a multiple of 14?
True
Does 27 divide 839?
False
Is 963 a multiple of 17?
False
Is 170 a multiple of 17?
True
Is 19 a factor of 95?
True
Does 22 divide 14039?
False
Is 341 a multiple of 37?
False
Does 47 divide 26978?
True
Does 14 divide 5012?
True
Does 5 divide 403?
False
Is 16 a factor of 3731?
False
Is 9636 a multiple of 292?
True
Is 19 a factor of 17954?
False
Is 19 a factor of 109505?
False
Is 9 a factor of 819?
True
Does 77 divide 8983?
False
Is 12 a factor of 189?
False
Is 364 a multiple of 14?
True
Is 15 a factor of 1990?
False
Is 81737 a multiple of 32?
False
Is 21797 a multiple of 21?
False
Is 12625 a multiple of 25?
True
Is 77 a factor of 10095?
False
Is 7 a factor of 259?
True
Is 36745 a multiple of 435?
False
Is 4 a factor of 221?
False
Does 18 divide 2072?
False
Is 50 a factor of 1000?
True
Does 12 divide 377?
False
Is 699 a multiple of 7?
False
Is 24 a factor of 1242?
False
Does 4 divide 1310?
False
Is 1875 a multiple of 9?
False
Does 13 divide 23?
False
Is 9 a factor of 1206?
True
Does 7 divide 1118?
False
Is 4381 a multiple of 10?
False
Is 36 a factor of 75744?
True
Is 131 a factor of 4162?
False
Is 5790 a multiple of 10?
True
Does 295 divide 98825?
True
Is 9211 a multiple of 151?
True
Is 145736 a multiple of 92?
False
Is 8345 a multiple of 21?
False
Is 44 a factor of 396?
True
Does 29 divide 32132?
True
Does 18 divide 129?
False
Does 83 divide 1102?
False
Does 18 divide 1656?
True
Does 14 divide 962?
False
Is 2550 a multiple of 21?
False
Is 1500 a multiple of 40?
False
Does 13 divide 80575?
False
Is 194 a factor of 7372?
True
Does 68 divide 748?
True
Does 85 divide 10625?
True
Is 976 a multiple of 16?
True
Is 7558 a multiple of 61?
False
Is 9 a factor of 2007?
True
Is 933 a multiple of 20?
False
Does 82 divide 738?
True
Is 7594 a multiple of 72?
False
Does 13 divide 958?
False
Is 684 a multiple of 12?
True
Is 39 a factor of 2223?
True
Is 8 a factor of 8728?
True
Is 3 a factor of 5778?
True
Does 7 divide 3662?
False
Is 13075 a multiple of 18?
False
Does 89 divide 4806?
True
Is 108 a factor of 13176?
True
Is 2216 a multiple of 14?
False
Does 12 divide 228?
True
Does 16 divide 6873?
False
Is 1999 a multiple of 53?
False
Does 55 divide 935?
True
Is 20 a factor of 780?
True
Is 43 a factor of 1935?
True
Does 146 divide 15184?
True
Does 9 divide 45?
True
Is 11 a factor of 1811?
False
Does 82 divide 42111?
False
Is 2635 a multiple of 85?
True
Is 1100 a multiple of 20?
True
Is 3 a factor of 1358?
False
Does 14 divide 251?
False
Is 39 a factor of 12939?
False
Does 9 divide 27?
True
Is 31 a factor of 3081?
False
Does 37 divide 134?
False
Is 16900 a multiple of 99?
False
Is 28 a factor of 84?
True
Is 11 a factor of 3430?
False
Is 56 a factor of 1365?
False
Is 504 a multiple of 6?
True
Is 14928 a multiple of 8?
True
Does 38 divide 684?
True
Is 3072 a multiple of 77?
False
Is 276 a multiple of 6?
True
Does 2 divide 700?
True
Is 13 even?
False
Is 42 a factor of 6326?
False
Does 43 divide 8299?
True
Does 17 divide 1053?
False
Is 153 a factor of 5506?
False
Does 15 divide 175?
False
Is 38 a multiple of 4?
False
Is 70 a factor of 2100?
True
Is 7749 a multiple of 179?
False
Does 45 divide 26849?
False
Is 532 a multiple of 28?
True
Is 702 a multiple of 14?
False
Does 13 divide 10987?
False
Is 560 a multiple of 40?
True
Does 27 divide 2133?
True
Is 70 a factor of 6309?
False
Is 222 a multiple of 111?
True
Does 9 divide 36630?
True
Is 20915 a multiple of 30?
False
Does 51 divide 2407?
False
Is 676 a multiple of 14?
False
Is 19 a factor of 58043?
False
Is 36 a multiple of 6?
True
Is 11 a factor of 2407?
False
Does 16 divide 9312?
True
Is 40774 a multiple of 254?
False
Does 8 divide 15912?
True
Is 10328 a multiple of 35?
False
Is 65 a multiple of 65?
True
Does 12 divide 167555?
False
Is 85 a factor of 63915?
False
Is 755 a multiple of 2?
False
Is 8 a factor of 2317?
False
Does 5 divide 123?
False
Is 4708 a multiple of 22?
True
Is 196 a factor of 6223?
False
Is 7 a factor of 210?
True
Does 24 divide 53316?
False
Does 13 divide 10556?
True
Is 25174 a multiple of 307?
True
Does 17 divide 4947?
True
Does 42 divide 11046?
True
Is 83 a factor of 8719?
False
Does 12 divide 878?
False
Is 9 a factor of 29862?
True
Does 14 divide 3771?
False
Is 122485 a multiple of 131?
True
Does 5 divide 27740?
True
Is 5128 a multiple of 163?
False
Does 90 divide 1246?
False
Is 45 a factor of 551?
False
Is 67396 a multiple of 29?
True
Does 52 divide 48100?
True
Is 144 a multiple of 16?
True
Does 33 divide 23572?
False
Is 39 a factor of 35477?
False
Does 50 divide 761?
False
Is 1209 a multiple of 12?
False
Is 47 a factor of 4346?
False
Is 47 a factor of 6243?
False
Is 4800 a multiple of 12?
True
Does 14 divide 17057?
False
Is 12 a factor of 264?
True
Does 43 divide 258?
True
Is 10 a factor of 474?
False
Does 43 divide 1290?
True
Is 58 a factor of 2204?
True
Is 3895 a multiple of 22?
False
Is 13325 a multiple 